r when 13224 is divided by 2197.
42
What is the remainder when 391309 is divided by 148?
145
What is the remainder when 19944 is divided by 160?
104
Calculate the remainder when 848961 is divided by 24.
9
What is the remainder when 32383 is divided by 139?
135
Calculate the remainder when 24894 is divided by 36.
18
Calculate the remainder when 2616 is divided by 1034.
548
What is the remainder when 5287 is divided by 121?
84
Calculate the remainder when 3633 is divided by 79.
78
Calculate the remainder when 44448 is divided by 14812.
12
Calculate the remainder when 4978 is divided by 29.
19
Calculate the remainder when 18860 is divided by 9122.
616
What is the remainder when 6100 is divided by 251?
76
What is the remainder when 12023 is divided by 729?
359
What is the remainder when 34681 is divided by 195?
166
Calculate the remainder when 7991 is divided by 216.
215
Calculate the remainder when 577604 is divided by 7.
6
Calculate the remainder when 7909 is divided by 141.
13
Calculate the remainder when 1202013 is divided by 659.
656
Calculate the remainder when 347517 is divided by 57917.
15
What is the remainder when 17555 is divided by 568?
515
Calculate the remainder when 6050 is divided by 464.
18
What is the remainder when 24140 is divided by 390?
350
What is the remainder when 184378 is divided by 14182?
12
What is the remainder when 209524 is divided by 249?
115
What is the remainder when 22382 is divided by 149?
32
Calculate the remainder when 873 is divided by 45.
18
What is the remainder when 15527 is divided by 964?
103
Calculate the remainder when 93374 is divided by 225.
224
What is the remainder when 1751 is divided by 262?
179
What is the remainder when 5290 is divided by 841?
244
Calculate the remainder when 13329 is divided by 139.
124
Calculate the remainder when 18282 is divided by 117.
30
What is the remainder when 14384 is divided by 785?
254
What is the remainder when 1138784 is divided by 8693?
1
What is the remainder when 4258 is divided by 687?
136
Calculate the remainder when 258851 is divided by 187.
43
Calculate the remainder when 1180 is divided by 893.
287
What is the remainder when 5288 is divided by 62?
18
What is the remainder when 126950 is divided by 203?
75
Calculate the remainder when 2713084 is divided by 19.
17
What is the remainder when 23402 is divided by 269?
268
What is the remainder when 14819 is divided by 436?
431
What is the remainder when 18506 is divided by 256?
74
What is the remainder when 13398 is divided by 6550?
298
What is the remainder when 5105 is divided by 1533?
506
Calculate the remainder when 6577 is divided by 244.
233
What is the remainder when 758334 is divided by 697?
695
Calculate the remainder when 266579 is divided by 133283.
13
What is the remainder when 2561 is divided by 105?
41
Calculate the remainder when 21456 is divided by 7147.
15
What is the remainder when 1106 is divided by 475?
156
What is the remainder when 2575 is divided by 126?
55
What is the remainder when 5909 is divided by 1469?
33
Calculate the remainder when 86528 is divided by 388.
4
Calculate the remainder when 243975 is divided by 81321.
12
Calculate the remainder when 5546 is divided by 470.
376
Calculate the remainder when 7462 is divided by 14.
0
Calculate the remainder when 7591 is divided by 1894.
15
Calculate the remainder when 4260934 is divided by 73.
70
Calculate the remainder when 14115 is divided by 7048.
19
Calculate the remainder when 60817 is divided by 3574.
59
Calculate the remainder when 456 is divided by 165.
126
Calculate the remainder when 16788 is divided by 43.
18
What is the remainder when 432958 is divided by 13966?
12
Calculate the remainder when 362343 is divided by 262.
259
Calculate the remainder when 139686 is divided by 202.
104
Calculate the remainder when 2673 is divided by 1325.
23
Calculate the remainder when 32877 is divided by 340.
237
What is the remainder when 13652 is divided by 87?
80
Calculate the remainder when 769 is divided by 628.
141
Calculate the remainder when 3522 is divided by 718.
650
What is the remainder when 14512 is divided by 382?
378
What is the remainder when 50462 is divided by 8408?
14
Calculate the remainder when 38122 is divided by 12701.
19
Calculate the remainder when 1785 is divided by 892.
1
What is the remainder when 71570 is divided by 1350?
20
What is the remainder when 709600 is divided by 4009?
7
What is the remainder when 8446 is divided by 1397?
64
What is the remainder when 6772 is divided by 6?
4
What is the remainder when 1022397 is divided by 288?
285
Calculate the remainder when 3566 is divided by 2378.
1188
Calculate the remainder when 10431 is divided by 6.
3
What is the remainder when 2367 is divided by 37?
36
What is the remainder when 192206 is divided by 961?
6
What is the remainder when 470 is divided by 5?
0
What is the remainder when 2106 is divided by 9?
0
Calculate the remainder when 358510 is divided by 194.
192
Calculate the remainder when 669 is divided by 108.
21
What is the remainder when 620 is divided by 606?
14
Calculate the remainder when 4991984 is divided by 11.
8
Calculate the remainder when 15979 is divided by 908.
543
What is the remainder when 25009 is divided by 522?
475
Calculate the remainder when 9614 is divided by 21.
17
What is the remainder when 110766 is divided by 37?
25
What is the remainder when 208510 is divided by 137?
133
Calculate the remainder when 2817 is divided by 465.
27
Calculate the remainder when 1181 is divided by 110.
81
Calculate the remainder when 211771 is divided by 159.
142
Calculate the remainder when 47592 is divided by 163.
159
What is the remainder when 2419 is divided by 2353?
66
What is the remainder when 24555 is divided by 49?
6
What is the remainder when 5926 is divided by 91?
11
Calculate the remainder when 2616 is divided by 425.
66
Calculate the remainder when 13332 is divided by 25.
7
What is the remainder when 71393 is divided by 408?
401
Calculate the remainder when 928 is divided by 153.
10
What is the remainder when 88110 is divided by 73?
72
Calculate the remainder when 44926 is divided by 279.
7
What is the remainder when 109615 is divided by 36525?
40
Calculate the remainder when 1932 is divided by 942.
48
Calculate the remainder when 35308 is divided by 883.
871
What is the remainder when 848 is divided by 62?
42
What is the remainder when 6421 is divided by 1058?
73
What is the remainder when 4123 is divided by 19?
0
What is the remainder when 5522192 is divided by 137?
133
Calculate the remainder when 15997 is divided by 89.
66
Calculate the remainder when 4988 is divided by 10.
8
What is the remainder when 58826 is divided by 74?
70
Calculate the remainder when 767501 is divided by 963.
953
What is the remainder when 9483 is divided by 130?
123
What is the remainder when 6891 is divided by 710?
501
Calculate the remainder when 2261 is divided by 1012.
237
What is the remainder when 6229 is divided by 1024?
85
Calculate the remainder when 9601 is divided by 18.
7
What is the remainder when 1202286 is divided by 52?
46
Calculate the remainder when 66026 is divided by 186.
182
Calculate the remainder when 3023 is divided by 78.
59
Calculate the remainder when 68795 is divided by 71.
67
What is the remainder when 47039 is divided by 120?
119
Calculate the remainder when 2392 is divided by 175.
117
What is the remainder when 2271 is divided by 159?
45
Calculate the remainder when 3520015 is divided by 420.
415
Calculate the remainder when 1206 is divided by 616.
590
Calculate the remainder when 51357 is divided by 17113.
18
Calculate the remainder when 330 is divided by 313.
17
What is the remainder when 764 is divided by 729?
35
Calculate the remainder when 4215 is divided by 466.
21
What is the remainder when 845069 is divided by 8?
5
What is the remainder when 7689 is divided by 44?
33
What is the remainder when 100096 is divided by 550?
546
Calculate the remainder when 1866 is divided by 18.
12
What is the remainder when 4940 is divided by 47?
5
Calculate the remainder when 2842 is divided by 751.
589
Calculate the remainder when 241358 is divided by 1219.
1215
Calculate the remainder when 289800 is divided by 1102.
1076
What is the remainder 